*l + 14912. What is the greatest common divisor of 12 and a?
4
Suppose 2*n - 64 = 2. Suppose 0 = -4*o - 3*b + 1068, -b - 152 = -3*o + 636. Calculate the highest common divisor of n and o.
33
Let i = 19789 - 19749. What is the greatest common factor of 2260 and i?
20
Suppose -2*z + 4*s + 2988 = 0, 3*s - 4509 = -9*z + 6*z. What is the greatest common factor of 20 and z?
20
Let i be (-2)/(-4) + (9160/16 - -4). Suppose 0 = -4*b + 2*c + i + 593, 4*b - 1165 = 3*c. What is the greatest common divisor of 118 and b?
59
Let g(d) = 22*d**2 - 8*d - 16. Let t be g(-4). Suppose t = 4*k - 32. What is the greatest common factor of k and 25?
25
Let g = -9698 - -10334. What is the greatest common divisor of g and 60?
12
Let l be (-218 - 8)*-14 + 8/(-4). Calculate the highest common divisor of 102 and l.
102
Let n = 17199 - 16459. Calculate the greatest common divisor of 620 and n.
20
Let c(j) = 42*j + 2421. Let r be c(-45). What is the greatest common divisor of r and 36?
9
Let d be (1 + -346)*8190/(-1575). What is the greatest common factor of 104 and d?
26
Suppose 0 = -130*p + 132*p - 168. Let o be (0 - -20)*42/p. What is the highest common divisor of o and 230?
10
Suppose 2*w - 6*r = -3*r + 727, -2*w + r + 729 = 0. Calculate the highest common divisor of w and 657.
73
Let c(b) = b**3 - 2*b**2 - 106*b - 40. Let w be c(12). Calculate the highest common factor of 56 and w.
8
Let v = 1023 + -1029. Let s be (-4)/50 - (-1502)/(-150)*v. Calculate the highest common factor of s and 1020.
60
Suppose 0 = -4*y + 5*c + 13, 5*c = -2*y - 0*c + 29. Let f(k) = 3*k + 144. Let q be f(24). Suppose y*v = -v + q. Calculate the highest common factor of v and 54.
27
Suppose 5*f = 4*x + 28, -x + 14 = 4*f - 0*f. Suppose -d + 2*w + 32 = -3*w, 0 = f*d + w - 149. What is the highest common divisor of 592 and d?
37
Suppose 0 = u + s + 61, 4*u + u = -3*s - 301. Let c = u + 71. Suppose 2*f - 8 + 0 = 0. Calculate the greatest common divisor of c and f.
4
Suppose 35*w = 50*w - 45. Let f(n) = 10*n**2 - 4*n + 4. Let q be f(2). Calculate the greatest common divisor of q and w.
3
Let k = -173 + 192. Let f(r) = -12*r**3 - 18*r**2 - 5 + 22 + 13*r**3 - 17*r. Let n be f(k). Calculate the highest common divisor of 11 and n.
11
Suppose 0*i + 5*u = 5*i - 20, 4*u = -4*i. Suppose -4 + 58 = i*t. Let r = -55553 - -55556. What is the highest common divisor of r and t?
3
Let q(j) be the third derivative of 1/3*j**3 - 11*j**2 + 1/6*j**4 + 0 + 0*j. Let z be q(2). What is the greatest common divisor of 50 and z?
10
Let n(p) = -p**2 - 4*p. Let w be n(-3). Let l be 21/(w/2 - 0). Suppose -157*b - 180*b + 5698 = -1379. What is the greatest common factor of b and l?
7
Let o = 609 + -606. Suppose o*t + 4*u - 26 = 6*u, 3*u = -4*t + 12. Calculate the highest common factor of 12 and t.
6
Let r be 45/(-4) - (-13)/52. Let h = r - -13. Let v be h/14 + 216/56 - -51. What is the highest common divisor of 110 and v?
55
Let u(o) = -1885*o - 2645. Let t be u(-12). What is the highest common factor of t and 25?
25
Let x(u) = 50*u + 12. Let k be x(6). Let q(m) = m**3 - 18*m**2 - 89*m + 48. Let v be q(22). What is the highest common factor of v and k?
26
Suppose 5*f = 6*f - 2. Suppose 4*b - 5*n = 231, -36*b + 34*b - f*n + 102 = 0. What is the greatest common factor of 126 and b?
18
Let g(k) = -9*k + 97. Let s be g(-27). Let w(t) = t**3 - 4*t + 2. Let u be w(3). Calculate the greatest common divisor of u and s.
17
Suppose -s + 0*g + 8 = -3*g, 40 = 3*s - g. Suppose 69 = -s*j + 15*j. What is the highest common divisor of 253 and j?
23
Let g(j) = j + 1. Let d be g(-18). Let t = d + 53. Calculate the greatest common divisor of t and 324.
36
Suppose 550 = 2*c - 3*s, -99 = -c - 4*s + 143. What is the highest common divisor of 2261 and c?
133
Let w(a) = -3*a. Let j = 30 - 31. Let c be w(j). Suppose 0*b = c*b - 2*r - 66, -3 = -r. What is the highest common divisor of b and 264?
24
Let m = 5129 + -5125. Suppose -b = 2*b - 30. What is the greatest common divisor of b and m?
2
Let w(q) = -2*q**2 + 2*q + 2. Let i be w(-1). Let a be ((-4)/i)/(-2) + 64. What is the highest common factor of 105 and a?
21
Let y = -26 + 31. Suppose y*b - 141 = -106. Calculate the greatest common factor of b and 14.
7
Let j(h) = h - h**2 - 384 + 394 - 19*h. Let i be j(-7). Calculate the highest common divisor of 116 and i.
29
Suppose -333 + 1278 = 9*t. Let o be (7/(-2) - -4) + t/2. Let c be ((-12)/(-5))/(o/10 - 5). Calculate the highest common factor of c and 6.
2
Let i be (-2040)/(-12)*(76/40 - 4/10). Calculate the highest common factor of 15 and i.
15
Suppose 0 = -34*u - 6*u + 64*u - 12264. What is the highest common divisor of u and 3431?
73
Suppose 0 = 5*j + 5*i - 25 + 70, 29 = -3*j - 4*i. Suppose -5*f = 8*k - 8 - 265, f = 5. Let g = j + k. Calculate the greatest common factor of g and 120.
24
Let y = 3615 - 3608. Calculate the greatest common factor of 1141 and y.
7
Let q(h) = 6*h**3 - 17*h**2 - 24*h + 484. Let n be q(11). Calculate the highest common factor of n and 91.
13
Suppose 3*c + 9 = 4*c. Suppose -c*w - w + 160 = 0. Suppose 0 = -w*m + 15*m + 4. What is the highest common divisor of 4 and m?
4
Suppose -y = 2*t - 69, -11*t - y = -16*t + 155. Calculate the greatest common divisor of 2048 and t.
32
Let l = -133 - -134. Let r be (-2 + l)/((-28)/(-56)). Let y(n) = -10*n + 8. Let j be y(r). Calculate the highest common divisor of 70 and j.
14
Let f = -626 - -6595. What is the highest common divisor of f and 127?
127
Let g be (-5 - (-140)/12)*(-24)/(-16). Suppose 3*b + 214 = 2*i, -2*i + 5*b = -i - 100. Calculate the greatest common factor of i and g.
10
Let y(u) = 70*u - 28. Let o be y(1). What is the highest common factor of o and 1491?
21
Let t be (-4 - (-21)/7)*0. Let j be (-15 - -81) + t + 4. Let u(v) = -v**3 - v**2 + v + 105. Let k be u(0). Calculate the greatest common divisor of j and k.
35
Let z = -86 + 106. Suppose -4335 - 2105 = -z*o. Calculate the highest common factor of 14 and o.
14
Let d(b) = 139*b**2 + 164*b + 1755. Let j be d(-11). What is the highest common divisor of j and 156?
78
Let r be (324/(-126))/((-3)/546). Calculate the greatest common divisor of r and 65.
13
Suppose 0 = 83*c - 482*c + 6654522. Calculate the highest common divisor of 62 and c.
62
Let v(y) = -23*y**2 + 183*y - 12. Let i be v(6). Calculate the highest common divisor of 6 and i.
6
Suppose z - 3*g - 15 = 3*z, 0 = 3*z + 4*g + 20. Suppose -32*t + 31*t + 38 = z. What is the greatest common factor of t and 304?
38
Suppose -4*s + 64 = -48. Suppose -2*r = -c + 9, c + 4*r - 9 + 18 = 0. Suppose 9*q = c*q + 24. What is the highest common factor of s and q?
4
Let s = -682 - -745. Let i = -182 - -200. Calculate the highest common factor of i and s.
9
Let t = -25 - -67. Let u = 79 - t. Suppose b + 3*n = u, -25 - 26 = -3*b + 3*n. What is the highest common factor of b and 198?
22
Suppose 2*v + 14 = s + 53, 5*s = 4*v - 81. Suppose 0 = 67*u + 423 - 4242. Calculate the highest common divisor of v and u.
19
Let k be 16/(1528/218 + -17 + 10). What is the highest common factor of 160 and k?
16
Let q(t) = 3*t**2 - 19*t + 126. Let u be q(6). Calculate the greatest common divisor of 9420 and u.
60
Let h(a) = -a + 40. Suppose 5*x = -209 + 169. Let p be h(x). Calculate the highest common divisor of p and 12.
12
Let v = -747 - -783. Calculate the highest common divisor of 450 and v.
18
Suppose 4*r + 5*h = 906, -2*r = h - 39 - 411. Let c be r/40 + 3 + (-39)/15. Suppose c*n - 9*n = -102. What is the greatest common divisor of 17 and n?
17
Let v be 124/6 - (-2)/6. Let b(w) = -16*w - 34. Let g = -451 - -448. Let h be b(g). Calculate the greatest common divisor of h and v.
7
Suppose -5*z + 7*z - 4 = 0. Let r be -2*(-3 + -1 + z). Suppose 0*b - 2*l - 18 = -4*b, l - 21 = -r*b. What is the highest common factor of b and 5?
5
Let q = 2484 - 1872. Calculate the highest common factor of 36 and q.
36
Let n be (-48)/(2 - 5)*10500/40. What is the greatest common factor of 168 and n?
168
Let t be 256 - -2 - (-595 - -621). Calculate the greatest common factor of t and 986.
58
Suppose 0 = 4*u - 2*n - 4277 + 1209, -154*n = -153*n. What is the greatest common factor of 826 and u?
59
Suppose -u = -20 + 136. Suppose 0 = 5*f + j + 416, -3*f + 84 - 334 = j. Let w = f - u. What is the highest common factor of w and 